 - 4))
9
What is (-15 - (-2 + -12 + 9)) + -2?
-12
What is 12 + -9 + -1 + (-127 - -117)?
-8
Evaluate -2 + -6 + 33 + -27 - -6.
4
Calculate -21 + 1 + 23 + -3.
0
What is 19 + (-4 - 6) + (-3 - (1 + -11))?
16
Calculate 1 + -5 + 11 + 4 + -23.
-12
Evaluate 2 - (10 - 4 - (2 - (-1 - -2))).
-3
Evaluate (-163 - -161) + 2 + (2 - 2) - -4.
4
Calculate -19 + (36 - 72) + 36.
-19
What is the value of -4 + (3 - 4) - (5 - -5 - 7)?
-8
-1278 + 1300 - (3 - -1)
18
Evaluate (4 - -2) + 0 + (-12 - 1).
-7
Calculate 43 - 36 - (-1 + 1 + 16).
-9
What is the value of -13 + 19 + -9 + 14?
11
Evaluate -15 - (-2 + 7 - 8).
-12
Calculate 13 + 0 + -4 + 12 + -5 + -10.
6
What is -34 + 18 - (-13 - (1 - (2 - -3)))?
-7
What is the value of 0 - (22 + (-5 - 22))?
5
What is 2 - 2 - (1 + 7 - 8)?
0
Calculate (-6 - 0) + 17 + -16 - -8 - -21.
24
Evaluate (-399 - -422) + (-9 - ((-1 - 2) + 2)).
15
What is the value of -2 - (-5 + 11) - (3 - -2)?
-13
Evaluate (-1 - 2) + 0 - ((20 - 21) + 15).
-17
What is the value of 2 - (-20 - (17 + -37))?
2
What is -14 - ((-3 - 2) + (12 - 16))?
-5
13 - (11 - -13 - 10)
-1
-29 + 17 - (-7 - (29 + 3))
27
What is -3 - -1 - ((-3 - -3 - -5) + 7)?
-14
What is the value of -41 + 47 + (-30 - -9)?
-15
What is -9 + 2 - (0 - (4 + -14) - 15)?
-2
-1 + 6 + (31 - (15 - -6))
15
Calculate (-26 - -46) + 8 - 56.
-28
Calculate 10 - ((10 - -1) + -2 + -17).
18
Calculate 2783 + -2801 - (-2 + -38 + -1).
23
(30 - -2) + (-493 - -456)
-5
What is the value of (4 + -3 - (3 - 1)) + 2660 + -2629?
30
Calculate 8 - 17 - (8 + -4 - 6).
-7
Evaluate 8 + (2 - (28 + -30 - (-1 - 14))).
-3
What is the value of 2 + -3 + (-5 - (-5 + 6) - -3)?
-4
-67 - -75 - (-1 - (-1 + -3 + 2))
7
Calculate 4 + (-9 - 12) + 10 + 16.
9
Calculate (-7 - 4) + 39 + -1 + (-3 - 7).
17
What is 0 + (-4 - (-15 + 0 + 8 + 11))?
-8
Evaluate -8 + 2 + (-19 - -14) + 24.
13
What is the value of -14 + 9 + (27 - 8) + 0?
14
Calculate (-4 - -22) + 7 + -25.
0
What is (4 - (-6 + 25 + -4)) + 7 + -3?
-7
Calculate (-5 - (-4 - (5 - 3))) + -7.
-6
Evaluate 5 - 9 - -7 - (9 - -2).
-8
Evaluate (-36 - -1) + -4 + (-7 - -16 - -3).
-27
-10 + -1 + (3 - 16) + 6
-18
What is -8 + (25 - ((16 - 10) + 12))?
-1
Evaluate -32 + 1 + 13 + -1.
-19
Calculate -9 - (-3 + 4 + -10 - -31).
-31
Calculate (5 - 11 - -13) + 3 + -2.
8
Calculate -5 - (-13 - -2 - (-78 - -73)).
1
Evaluate -210 - -226 - (0 + 4) - -8.
20
Evaluate 44 + -50 - (-23 - -3).
14
What is -23 + 26 + -23 + 11 + -5?
-14
(-23 - (-11 - 15)) + -24
-21
Evaluate -2 - 0 - (14 + -5 + -35).
24
Calculate (9 - (6 - -1)) + (-1 - 12) + 0.
-11
What is the value of -23 - (-44 + (-27 - -29))?
19
Calculate -17 - -1 - (-149 + 139).
-6
What is 10 + -2 - (-32 - -46)?
-6
Calculate (19 - (12 + -2 + -2)) + -7 + 4.
8
Calculate (5 - (0 + (7 - 7 - 9))) + -5.
9
-10 + -7 - -9 - (-2 - 29)
23
Evaluate 13 + -1 + -21 + 0 + 43.
34
What is (3 - (-1 - -3)) + (146 - 135)?
12
Calculate 30 + -7 + -3 + -13 + -9.
-2
(1 - 11) + (-35 - (1 - 31))
-15
Evaluate 0 - (-7 - (10 - (22 - -7))).
-12
Calculate -22 + 10 + -14 + 30.
4
What is the value of 7 + -24 - -7 - -10?
0
Calculate 8 - (-15 - (5 - 30)) - (-1 + -7).
6
Calculate (-18 + -15 - -47) + 24.
38
What is the value of -8 - (9 + -2 - (11 + 3))?
-1
(-24 - -17) + (-10 - -4) - -8
-5
What is 7 - (-9 + 1) - (3 + -3)?
15
Evaluate 17 + (-22 - (-8 + -3)) + 12.
18
Evaluate 10 - ((48 - 34) + -32).
28
What is -8 + 0 + -4 + 0?
-12
Calculate 5 + -4 + -8 + -8 + 8 + 25.
18
-4 + (9 - (20 + 6))
-21
What is (12 - (19 - -3)) + 10?
0
What is -21 + 7 + -29 + 26?
-17
Evaluate -1 - (-6 - (13 + -6)).
12
-15 + (-17 - ((13 - 7) + -7))
-31
What is 42 + (19 - 58) - (0 + -9)?
12
Calculate 38 - (18 - -3) - (3 - 1).
15
-2 + 15 + (3 - 25)
-9
What is -15 + 9 + -7 - -5 - -16?
8
Evaluate 0 - (95 - 92 - (4 + (2 - 2))).
1
What is the value of 7 - (-29 - -29 - -31)?
-24
(2 - 1) + -9 + 2 + 4 + 28
26
What is (21 - 67 - -62) + (-37 - -1)?
-20
What is the value of -1 + (9 - (-4 + 13))?
-1
What is the value of 15 + -15 - (-3 + 6) - -8?
5
What is the value of -10 - (-12 - 1 - (-29 + 4))?
-22
(-124 - -97) + 0 + 2
-25
Calculate -20 + (1 + (-4 - -1) - -16).
-6
Evaluate -1 + -5 + -10 + (13 - -1).
-2
Evaluate (-12 - (1 - 9 - 9)) + -22 + 2.
-15
What is (4 - (10 + -4 + -10)) + 2 + -1?
9
Calculate -31 + 11 - -32 - -5.
17
What is 11 - (-14 + 14) - 19?
-8
Evaluate -3 + 0 + (16 - (-7 + 20 + -6)).
6
What is (0 - (0 + (-3 + -6 - -4))) + 4?
9
Evaluate 25 + (-37 - -18) + 0 + -1 - 12.
-7
Calculate -13 + -12 - -13 - -6.
-6
What is the value of (1 - (7 - 11) - 2) + 16?
19
What is the value of 0 + -1 + 2 - (-2 - -13) - -3?
-7
Evaluate 2 - (-3 - -14) - -17 - (1 - -14).
-7
Calculate -33 - (-31 - -26) - 3.
-31
Evaluate 21 - (13 + -31 + 43).
-4
Evaluate 25 + ((-5 - -18) + -20 - 6).
12
-1 - (0 + 1) - (22 + -33)
9
Evaluate 3 + 4 - 1 - 8 - -7.
5
What is the value of (6 - 7 - (-17 - -9) - -7) + 0?
14
-6 - (14 + (-26 - -13) + -14)
7
What is the value of -10 + 1 + (7 - 0) + (6 - 11)?
-7
34 - (29 + 14 + 3)
-12
Evaluate 22 - (31 + 1 + -6).
-4
What is the value of (13 + -33 - -16) + -2 + 0 - -23?
17
-30 - -38 - (12 - -4)
-8
What is the value of -1 + -15 + (888 - 842)?
30
9 + (8 - (34 - 15))
-2
Calculate (-4 + 5 + -7 - (11 + -11)) + 6.
0
What is the value of 15 + (15 - 17) + -1?
12
Evaluate -1107 - -1142 - (-2 - -7).
30
What is (7 - 2) + -8 + 2 + 5 - -2?
6
-4 + 2 + 7 + -3 + 5
7
What is the value of -2 + 18 + 4 + -30?
-10
What is the value of 25 + (5 - 25) - (-7 - (4 - 3))?
13
(-30 - (23 + -45)) + 0
-8
What is (-2 - -2) + (9 - 3) - -7?
13
Evaluate -15 - -12 - (-37 - (0 - 16)).
18
What is the value of -7 - -19 - (31 + -14)?
-5
(-2 - (7 + 1)) + (2334 - 2315)
9
Calculate -18 - (-3 - 33) - (0 - -12).
6
Evaluate -12 + 2 + (20 - 5) - (1 - 5).
9
Evaluate -9 + 4 + 8 + (8 - 11) + 23.
23
Calculate -6 + -1 - (63 + 82 + -137).
-15
What is 4 + -21 - (-2 + -2)?
-13
Calculate (144 + -146 - (-1 - 26)) + -8.
17
Calculate 16 + -23 - (-4 - 4).
1
What is the value of -6 + (9 - ((2 + 4 - 7) + -6))?
10
What is 21 + (-19 - -7) + -24?
-15
-172 + 184 + (-4 - 0)
8
-3 + 8 + -35 + (-3 - -9)
-24
What is the value of -12 + (5 - 7) + 2?
-12
1 + 7 + -5 + 1 + -6
-2
Evaluate (-2 - 19) + 14 - (0 + -9).
2
Evaluate 2 - -4 - (3 + (-14 - -34) + 4).
-21
Calculate 1 - -11 - (-90 + 108).
-6
What is the value of 13 + (15 + -13 - (1 + 19))?
-5
Calculate (9 - 25 - -6) + -3.
-13
-26 + -8 + (2 - -36)
4
Evaluate 16 + -21 - -3 - 8.
-10
What is the value of 11 + (7 - 6) + 9 + -5 + 0?
16
What is the value of 3 + 18 - 11 - (0 + 35)?
-25
Evaluate 8 + 4 + -10 + 3 - (41 + -37).
1
Evaluate -1 + -9 - (4 - 2).
-12
Evaluate -133 + 135 - (-3 - -30) - (0 - -1).
-26
What is -5 + (-1 + 6 - (26 - 38))?
12
What is the value of 13 - (190 + -193 + (-7 - 0))?
23
0 + -8 - -12 - 9
-5
Calculate -8 + 22 + -18 - (3 + (-7 - 0)).
0
Calculate (-20 - (-17 - (0 + -7)) - -18) + 18.
26
What is the value of (0 - -6) + -11 + (40 - 21)?
14
Evaluate 29 - (6 - (10 - 3) - -9 - 1).
22
Calculate (-5 - (8 - -2 - 3)) + 2.
-10
Evaluate 10 + (-17 - 0) + 18.
11
Calculate -2 - 0 - (-12 - (-12 - -6) - 4).
8
Evaluate (48 - 40) + 4 - (0 + (1 - 3)).
14
What is the value of (3 + 3 + (-5 - -6) - 11) + 13?
9
-5 - (2 - (22 - 12))
3
(11 - 15) + 2 + -6 + 1
-7
44 - (-38 - -52 - -29)
1
Calculate -9 + (8 - 13) + (4 - (-8 - -5)).
-7
Calculate 9 + -15 - (6 + -3).
-9
What is (3 - -13) + -10 - 7?
-1
Calculate 9 + 0 + 1 - (-49 + 64).
-5
What is 63 - 49 - (40 + -3)?
-23
What is 3 - (11 + 0) - (-24 - (31 - 37))?
10
Evaluate (6 - -15) + 14 + -8.
27
-6 - (-10 - (-1 - ((4 - 8) + 0)))
7
10 + -6 - (4 - (6 + 0) - 5)
11
What is (-28 - 3 - -8 - (0 + -4)) + 3?
-16
Evaluate -37 + 43 + (-4 - 4).
-2
3 - (1 + 6 - 11)
7
What is -5 + 3 + 8 + -5 - 11?
-10
31 - (-4 - 6 - (-19 + 4))
26
What is the value of -34 + 34 + -11 + 20?
9
Evaluate (18 - 13) + -8 + -9.
-12
What is (-1 - 1 - (29 - 18)) + -6?
-19
Evaluate 7 + 2 + -8 + 6 + 5.
12
What is the value of -8 + 11 - (18 - 6) - 14?
-23
Evaluate -8 + -7 + -11 + -6.
-32
Evaluate 5 - (2 + 5 + (16 - 28) + 24).
-14
Evaluate 31 - (2 - (-10 - -5 - (-4 - -3))).
25
What is the value of (20 - 23) + (9 - 10 - -22)?
18
Evaluate 24 + (-9 - 7) + -14.
-6
-8 + 0 + (-15 + 4 - 1) + 14
-6
What is -2 - 1 - -3 - (-5 - (-3 + 2))?
4
1 - 8 - (-8 + -2 + 18)
-15
What is (-2 - (-14 + 6 + 14)) + -6?
-14
What is (-1 - 8) + 22 + -10 - (19 - -8)?
-24
What is the value of -37 + -3 - -5 - -43?
8
Wh